(-1 - 0) - (4 + -2).
2
What is -3 - (-4 - -8 - 5)?
-2
Calculate 0 - (2 - (0 + 2) - 1).
1
Calculate (4 - (3 - 4)) + -2 + 0.
3
What is -16 - (-15 + -5) - (-2 + 3)?
3
Calculate 8 - -1 - (15 + -11).
5
What is the value of 1 + -1 + 13 + -10?
3
-1 + -3 + 7 - 1 - 5
-3
What is (-3 + -1 - -4) + -5?
-5
What is 4 + (-4 - -1 - 2) + -1?
-2
Evaluate 5 - 0 - (7 + 2).
-4
What is 20 + -44 - -15 - (-6 - -1)?
-4
Evaluate (11 - 11) + (-1 + -1 - -3).
1
What is (5 + 3 - 6) + -8?
-6
What is the value of (0 - -1) + -6 + -2 + 3?
-4
What is (-9 - -13) + (-1 - 8)?
-5
Calculate (-8 - -3) + -3 + 7 + -6.
-7
Evaluate 6 - (6 - -4 - 7).
3
Calculate (2 + -1 - 4 - 0) + 8.
5
Evaluate (0 - (4 - 12)) + -15.
-7
What is (-1 - (-2 - 2)) + -5?
-2
Evaluate -2 + (-3 - 1 - -4).
-2
What is the value of -8 - (-11 + 5) - (1 + -3)?
0
0 + 3 + -5 - -1
-1
Evaluate (-5 - (-2 + -10 - 5)) + -6.
6
What is (-15 - -18) + -2 + -1 + -1?
-1
Evaluate -5 + (-1 - 2 - -5) + 0.
-3
What is the value of -1 - (-1 + 12) - (181 + -187)?
-6
What is -7 + (-4 - (3 - 9))?
-5
What is -22 + 14 - (-14 - 1) - 5?
2
What is the value of 0 - (2 + 3) - (54 + -62)?
3
What is 7 - -7 - (4 - -5)?
5
Evaluate (-9 - 1) + 3 + (29 - 23).
-1
Evaluate 1 + 0 - (53 + -47).
-5
Evaluate 1 + 4 + -3 + -2.
0
What is the value of 0 + (-1 + 4 - 0) + 1?
4
Evaluate (-7 - -8) + (-3 - -5 - 6).
-3
What is the value of (9 - 11) + (-5 - -6)?
-1
-3 + 11 - (-1 + 12 + -8)
5
What is (3 - (-2 + 1 + 6)) + 0?
-2
What is the value of -25 + 28 + (-4 - 2)?
-3
4 + -5 + 8 + -9
-2
Calculate 0 - (-3 + -2) - 6.
-1
What is 3 + -5 + 12 + -11?
-1
Calculate (5 - -3 - 12) + 2 + 2.
0
Calculate 0 - (-2 + 2) - (-1 - -1).
0
Calculate 1 + 0 + -6 - -10.
5
Evaluate 8 + -4 - (6 + (5 - 2)).
-5
Calculate (2 - -2) + -3 - 2.
-1
2 + (-7 - -12) - 9
-2
Calculate -4 + (-5 - -4) + 10.
5
Evaluate -3 + (1 - 3) + -4.
-9
-1 + 5 + (-1 - 2)
1
Calculate (10 + -9 - 0) + -5.
-4
What is -7 + -1 + (6 - 2) - -8?
4
What is the value of 0 - -1 - 4 - (24 + -22)?
-5
-12 + -7 + (-4 - -17)
-6
What is the value of -9 - (-1 + -5 - 1)?
-2
What is the value of (-4 + 7 - 1) + -2?
0
-6 + -2 + 5 + 5
2
What is the value of (0 - 6) + -3 - (-5 - 0)?
-4
Calculate (-1 - (-1 + -1 + -1)) + 3.
5
What is the value of -2 + (5 - 3) - 1?
-1
Evaluate (-3 - -1) + (-2 - (-7 - -1)).
2
Calculate (0 + (-2 - -1) - 0) + 4.
3
Calculate -3 + (5 - (-3 - 4 - -17)).
-8
What is the value of -8 + -8 + 7 + -1?
-10
Calculate 8 - 2 - (8 + 1).
-3
Calculate 2 - 1 - (-2 - (0 + 0)).
3
5 + (-2 + 2 - 0) - 2
3
What is -4 - -4 - (-1 - -5)?
-4
-7 + -6 + 13 + -7
-7
3 - 2 - (-5 - (1 - 7))
0
Calculate -8 + (-3 - 5) + 9.
-7
What is the value of (1 - (-4 - -4)) + 1?
2
What is the value of (-15 - (-8 + 9)) + 9?
-7
Evaluate -5 - (3 + 1 + (1 - 10)).
0
What is the value of 2 + 6 + -7 + (-13 - -4)?
-8
-3 + (-4 - -6 - (-3 - 0))
2
2 - (-3 - (-1 - 2))
2
What is 3 + -1 + (6 - 9)?
-1
-11 + 13 - (-1 - -2)
1
Evaluate -8 - (-7 + 7) - -3.
-5
3 - -1 - (12 - 9)
1
(15 - 11) + -1 - (0 - 3)
6
What is 2 - (3 + (1 - 3))?
1
Calculate 2 - 2 - (-4 + 0).
4
-3 + (4 - ((0 - 3) + 6))
-2
What is the value of -9 + (10 - 10) + (0 - -4)?
-5
What is 2 + (-1 + 2 - 0) - 7?
-4
Calculate 2 + 2 + -7 - 0.
-3
Evaluate -5 - (-5 + -1 - -11 - 7).
-3
What is the value of 14 + -11 - 8 - -9?
4
What is 25 - 29 - (1 + 0)?
-5
0 + (-5 - (-6 + (3 - 1)))
-1
Calculate 8 + -16 + -14 + 12.
-10
Evaluate 1 + 3 + -15 + 2 + 3.
-6
What is -14 + 6 + (10 - 13)?
-11
1 - 0 - (-4 - -5)
0
What is 2 + (-1 - (4 - (-3 + 5)))?
-1
Evaluate (-9 - -5 - 0) + 5 - -7.
8
Calculate 16 + -18 + (4 - -8).
10
What is the value of 52 + -49 + 3 + 1?
7
0 + -3 + (5 + -12 - -8)
-2
What is 1 + -2 - (6 + -6)?
-1
What is the value of (4 - -4) + -4 - 3?
1
What is the value of 10 + -8 + 3 - 9?
-4
-1 + -5 + (-3 - -5)
-4
Evaluate -4 + 6 + -4 + 0 + 1.
-1
What is the value of (2 + 1 + -8 - -3) + 4?
2
Evaluate 4 - (-4 + (4 - 0)).
4
What is 0 + (-1 - -4) + 0?
3
27 + -25 + 0 + 1
3
Evaluate -76 + 78 - (2 + -3 - 1).
4
What is the value of -10 + (5 - 2) + -16 + 17?
-6
What is -3 + (-1 - -2) + 1 + 0?
-1
What is 3 + -1 + -7 + (8 - 2)?
1
3 + -1 + 3 + 2
7
What is the value of (3 - 4) + (-7 - -8)?
0
-7 + 15 - (-10 + 10)
8
Evaluate -4 - -5 - (0 + (0 - 2)).
3
3 + 0 + (4 - -1) + -10
-2
Calculate 1 + -1 - (-4 - (-4 - -5)).
5
Evaluate 6 - (5 + -12) - 8.
5
What is the value of 6 - (14 - -5) - -8 - -2?
-3
-3 + 1 + 3 + 3
4
What is -6 + 0 + 3 + 7 - -1?
5
Evaluate (-6 - 2) + 5 + 6.
3
Calculate 1 - (-2 - (1 + -9)).
-5
-2 + 9 + -6 - (-6 + 0)
7
What is the value of 4 + (-2 - (-4 - -2)) + -6?
-2
Calculate -10 + (6 + 3 - 3).
-4
Calculate 8 + (-8 - (2 - 5)).
3
Calculate (4 - (-7 - -12)) + -5 + -3.
-9
Evaluate -6 + 1 + 0 - (5 + -11).
1
Calculate -12 + -6 + 12 - (0 + -7).
1
What is the value of 7 - (-6 + 7 + -6 + 4)?
8
Evaluate 3 - (11 + -6 + -2 - -3).
-3
Calculate -8 + (17 + -12 - (6 + -1)).
-8
Evaluate -8 + -2 + 7 + -2.
-5
2 + 2 + -9 + 1 + 11
7
4 - (-4 - -2) - 1 - 11
-6
What is the value of 7 - 3 - (8 - 2 - 7)?
5
Evaluate (21 - 10) + -2 + 1 + -3.
7
What is the value of 1 + 1 + 3 + -4?
1
Calculate -27 - -21 - (-14 - (-2 - 0)).
6
What is the value of -2 + -4 + 0 + 6?
0
5 + (-2 - (6 + 0))
-3
What is (2 - 0) + (5 - (-14 - -27))?
-6
-4 + 2 + -2 - -9 - 1
4
What is -17 + 10 + 21 - 9?
5
Evaluate -10 - (-16 + 1 + 7).
-2
What is the value of 2 - ((-4 - -6) + -2)?
2
What is (9 - 4) + 2 + -4?
3
What is (0 - -2) + -6 - (-16 + 17)?
-5
What is (0 - 0) + 5 + -1?
4
Evaluate 5 - (4 + 1 - (-19 + 24)).
5
What is the value of (4 - 1) + 5 + -11 + 6?
3
What is the value of (4 - 3) + -5 + 2?
-2
0 - (-1 + (-18 - -14))
5
What is -2 - (0 + -1 - (2 - 4))?
-3
What is 1 + (-14 - -4 - -5) + 7?
3
What is (-2 - -2 - -3 - 6) + 7?
4
What is the value of 4 + 4 + 0 + -5?
3
Evaluate 7 + -10 - (4 + (-1 - 1)).
-5
(-1 - -4 - (10 - 7)) + 2
2
What is the value of 1 - (2 + 3 - 6)?
2
(-39 - -34) + 8 + 0
3
Evaluate -14 + (24 - 11) + 2 + 1.
2
What is the value of 5 + (-7 - -21) - 11?
8
Calculate -4 + (1 + 4 - (0 - -1)).
0
What is the value of (-4 - -1) + 8 - (-15 + 13)?
7
Calculate (-3 - -3) + (-3 - -3) + -2.
-2
What is 8 - (2 + 2 + -1)?
5
-1 + -1 + 0 + (-10 - -12)
0
Calculate -3 + -1 + 5 + 2.
3
Evaluate 2 + (-17 + -4 - -9).
-10
What is 3 + 0 - (-4 + 9 + -4)?
2
What is 10 - ((1 - 13) + 30)?
-8
5 + 4 + (-3 - 3)
3
What is 11 + -11 + 3 - (1 - -2)?
0
Calculate -5 + -3 + 4 + -1 + 9.
4
Calculate -14 + (8 - -8) - (2 - 1).
1
What is the value of -6 + -1 + (90 - 85)?
-2
Evaluate (-6 - 0) + (-8 - (6 + -11)).
-9
What is the value of (19 - 25) + 3 + 2?
-1
What is -6 - (-2 - -7 - (-2 + 5))?
-8
What is the value of (-176 - -183) + (0 - 3)?
4
Evaluate 3 + (12 - (6 + (-3 - -4))).
8
Calculate (-1 - -5) + (-8 - 0).
-4
-1 + (0 - -2) + (0 - 0)
1
(7 - 0) + (7 - -1 - 9)
6
What is the value of -20 + 18 - (-3 + 7)?
-6
(-4 - -12) + -6 + 3
5
Calculate 3 + (2 - 2) + 2.
5
Evaluate -2 + 3 - (2 - (4 - 2)).
1
(3 - (1 + 8)) + (10 - 5)
-1
-5 - (-6 - (-5 - -8))
4
What is the value of 0 + -5 - (4 + -5)?
-4
(-2 - (-3 + 1)) + (-3 - 1)
-4
What is 1 + (6 - (3 + 5))?
-1
What is the value of 8 + -14 + (-2 - -13)?
5
1 - 1 - (6 - 3)
-3
What is the value of 3 + -13 + 4 - -19 - 6?
7
Calculate 2 - 8 - (1 - 6).
-1
Evaluate 0 + (1 - 4) - 2.
-5
Calculate 1 - 1 - (-115 + 113).
2
Evaluate (0 - -2) + -7 + -4 + 5.
-4
-10 + (4 - 0 - -1)
-5
Evaluate 14 + 11 + -8 + -13.
4
What is the value of 8 + -8 - (-10 - -3 - -4)?
3
Evaluate -3 - (-6 - (-5 + 0)).
-2
What is the value of 2 + -4 + -1 + (3 - 4)?
-4
Evaluate (-9 - (-1 - 6 - -6)) + 1.
-7
What is the value of -1 + (-2 - (-8 + 1 + 3))?
1
Calculate (0 + -2 - -3) + -3 + 7.
5
What is the value of -6 - (-1 + -5 - -1)?
-1
What is the value of (-9 - (13 - 22)) + (-7 - -1)?
-6
Evaluate (9 - -1) + (-2 - 13).
-5
What is the value of -1 + 2 + -3 + 3 - 1?
0
Calculate -2 + 1 - (4 - (9 + -5)).
-1
Evaluate (2 - (4 - 4)) + 4 + -3.
3
Calculate (-2 - -1) + (-53 - -48).
-6
Evaluate 0 + 0 - (7 + -9) - -1.
3
What is (-4 - (3 + -8)) + 2?
3
What is the value of 4 + -5 + (0 - (3 - 1))?
-3
Evaluate -1 - -2 - (2 + -1) - -2.
2
6 - 2 - 7 - 1
-4
What is the value of -1 + -4 + (-25 - -35)?
5
1 - (2 + -4 - 2 - -1)
4
3 - (-4 + 16 + -4)
-5
Evaluate (2 - -8) + (-17 - -7).
0
What is the value of 0 - (7 + -3 + -5)?
1
What is the value of (-1 - (0 + -1)) + 4?
4
Evaluate -1 - (1 + (1 - 4)).
1
Calculate (7 - (3 + 0)) + 10 + -9.
5
-1 - ((2 - -1) + (10 - 12))
-2
W